{"id":117,"date":"2021-01-17T17:23:14","date_gmt":"2021-01-17T17:23:14","guid":{"rendered":"http:\/\/xn--fhle-dein-pferd-zvb.de\/?page_id=117"},"modified":"2021-09-28T19:18:51","modified_gmt":"2021-09-28T19:18:51","slug":"meine-stimme-fuer-die-pferde","status":"publish","type":"page","link":"https:\/\/xn--fhle-dein-pferd-zvb.de\/?page_id=117","title":{"rendered":"Meine Stimme f\u00fcr die Pferde"},"content":{"rendered":"\n<p>Mein Wunsch ist es eine Ver\u00e4nderung &#8211; ein Umdenken in der Pferdewelt anzusto\u00dfen. Durch Vorleben, durch tatkr\u00e4ftigen Einsatz und auch durch Informationen.<\/p>\n\n\n\n<p>Aus diesem Grund ist neben meiner T\u00e4tigkeit als Coach und Trainer ein weiterer Traum in Erf\u00fcllung gegangen. Am 1.1.2021 wurde unser Journal geboren. Ich habe zusammen mit einem engagierten Partner einen Verlag gegr\u00fcndet, dem das Journal Pferd &amp; Reiter entsprungen ist. Stolz ist im April 2021 die erste, brandneue Ausgabe mit 15.000 Auflagen erschienen. <\/p>\n\n\n\n<p><span class=\"has-inline-color has-luminous-vivid-amber-color\"><a href=\"http:\/\/pur-journal.de\/pur\/0321\/index.html\">Link zur aktuellen Ausgabe<\/a><\/span><\/p>\n\n\n\n<p>Ein interessanter Mix von Berichten und Artikeln aus allen Bereichen des Pferdesports, Rasseportraits und Gesundheitstipps machen unser Magazin immer zur spannenden und informativen Lekt\u00fcre f\u00fcr unsere Leser.<\/p>\n\n\n\n<p class=\"has-black-color has-pale-cyan-blue-background-color has-text-color has-background\"><strong><em>Pferde und ihre Menschen stehen bei uns im Mittelpunkt, mit einer klaren Haltung zum Tierschutz und Tierwohl.<\/em><\/strong><\/p>\n\n\n\n<p>Als Gesch\u00e4ftsf\u00fchrerin des Verlages habe ich mir eine Menge vorgenommen, aber wie hei\u00dft es so sch\u00f6n: F\u00fcr Dinge, die einem am Herzen liegen, ist man bereit alles zu geben. <\/p>\n\n\n\n<p>Meine Stimme f\u00fcr die Pferde wird hiermit eine gro\u00dfe Reichweite haben und ich bin sehr stolz darauf!<\/p>\n\n\n\n<p>Nat\u00fcrlich haben wir noch eine Menge zu tun, aber schauen Sie sich doch bitte schon unsere Homepage an. Sie ist noch in Bearbeitung, aber es gibt schon einiges zu sehen. Wenn Sie ein Exemplar des neuen Journales haben m\u00f6chten, schreiben Sie mich bitte pers\u00f6nlich an:<\/p>\n\n\n\n<p><a href=\"mailto:v.gassmann@pferdeundreiter-journal.de\">v.gassmann@pferdeundreiter-journal.de<\/a><\/p>\n\n\n\n<p><a href=\"http:\/\/www.pferdeundreiter-journal.de\">www.pferdeundreiter-journal.de<\/a><\/p>\n\n\n\n<p>Ich freue mich auf Ihr Feedback!<\/p>\n\n\n\n<p><\/p>\n","protected":false},"excerpt":{"rendered":"<p>Mein Wunsch ist es eine Ver\u00e4nderung &#8211; ein Umdenken in der Pferdewelt anzusto\u00dfen. Durch Vorleben, durch tatkr\u00e4ftigen Einsatz und auch durch Informationen. Aus diesem Grund ist neben meiner T\u00e4tigkeit als Coach und Trainer ein weiterer Traum in Erf\u00fcllung gegangen. Am 1.1.2021 wurde unser Journal geboren. Ich habe zusammen mit einem engagierten Partner einen Verlag gegr\u00fcndet, &hellip; <\/p>\n<p class=\"link-more\"><a href=\"https:\/\/xn--fhle-dein-pferd-zvb.de\/?page_id=117\" class=\"more-link\"><span class=\"screen-reader-text\">\u201eMeine Stimme f\u00fcr die Pferde\u201c <\/span>weiterlesen<\/a><\/p>\n","protected":false},"author":1,"featured_media":0,"parent":0,"menu_order":0,"comment_status":"closed","ping_status":"closed","template":"","meta":{"footnotes":""},"class_list":["post-117","page","type-page","status-publish","hentry"],"_links":{"self":[{"href":"https:\/\/xn--fhle-dein-pferd-zvb.de\/index.php?rest_route=\/wp\/v2\/pages\/117","targetHints":{"allow":["GET"]}}],"collection":[{"href":"https:\/\/xn--fhle-dein-pferd-zvb.de\/index.php?rest_route=\/wp\/v2\/pages"}],"about":[{"href":"https:\/\/xn--fhle-dein-pferd-zvb.de\/index.php?rest_route=\/wp\/v2\/types\/page"}],"author":[{"embeddable":true,"href":"https:\/\/xn--fhle-dein-pferd-zvb.de\/index.php?rest_route=\/wp\/v2\/users\/1"}],"replies":[{"embeddable":true,"href":"https:\/\/xn--fhle-dein-pferd-zvb.de\/index.php?rest_route=%2Fwp%2Fv2%2Fcomments&post=117"}],"version-history":[{"count":15,"href":"https:\/\/xn--fhle-dein-pferd-zvb.de\/index.php?rest_route=\/wp\/v2\/pages\/117\/revisions"}],"predecessor-version":[{"id":188,"href":"https:\/\/xn--fhle-dein-pferd-zvb.de\/index.php?rest_route=\/wp\/v2\/pages\/117\/revisions\/188"}],"wp:attachment":[{"href":"https:\/\/xn--fhle-dein-pferd-zvb.de\/index.php?rest_route=%2Fwp%2Fv2%2Fmedia&parent=117"}],"curies":[{"name":"wp","href":"https:\/\/api.w.org\/{rel}","templated":true}]}}